mmon factor of 70 and c?
14
Let c be ((-63)/35)/((-2)/10). Suppose 7 = -2*i + 3*m - 40, -c = -3*m. Let o = -6 - i. What is the highest common factor of o and 39?
13
Suppose 0 = 2*j - 3*q - 109, 0 = 7*j - 11*j + 4*q + 220. What is the greatest common factor of j and 4?
4
Let q(b) = b**3 - b**2 - 1. Let n(x) = -6*x**3 + 11*x**2 + 9*x - 5. Let h(a) = n(a) + 5*q(a). Let i be h(7). Calculate the highest common factor of i and 4.
4
Suppose 3*s + 3 - 39 = 0. What is the highest common divisor of 3 and s?
3
Let s(t) = 7*t**2 - 7*t + 6. Let c be s(4). Suppose 5*v = -0*v. Let l = v - -18. What is the highest common divisor of l and c?
18
Let i be (-36)/(-8)*14 + 3. Suppose 7*r - i = 4*r. Calculate the greatest common factor of r and 176.
22
Let b be 12 + (4 - 6) + -1. Calculate the highest common divisor of b and 18.
9
Let c(o) = -2*o - 18. Let r be c(-13). Let p(j) = -5*j - 1. Let w be p(-1). Suppose -w*b + 3*b = -40. Calculate the greatest common divisor of b and r.
8
Let x(l) = -l**2 + 6*l - 3. Let h be x(4). Let s be ((-9)/h)/((-9)/30). What is the highest common divisor of 48 and s?
6
Let a(p) = p + 13. Let m be a(-9). Suppose -m*l + 5*s + 39 + 211 = 0, 3*l = -2*s + 176. Let y = 67 - 47. What is the greatest common factor of y and l?
20
Suppose 43 = 5*j - 57. What is the highest common factor of j and 30?
10
Suppose -m = -2*m + 92. Let w = 129 - m. Let i = -22 + w. What is the greatest common divisor of i and 75?
15
Let h = -2 + -8. Let i = -9 - h. What is the greatest common divisor of 4 and i?
1
Suppose j = -5*m + 22, 6*j + 5 = -2*m + j. Suppose -5*h + m = -10. Calculate the greatest common divisor of h and 12.
3
Suppose -15*u + 13*u = -50. Let w = 27 - u. Calculate the greatest common divisor of 16 and w.
2
Let g(j) = -j**3 + 13*j**2 - 11*j + 2. Let a be g(12). What is the greatest common divisor of 70 and a?
14
Let o = 11 - -61. Let h = 13 - 4. Calculate the highest common divisor of o and h.
9
Let y be (-2)/12 + 19/6. Suppose -5*o + y*k + 41 + 41 = 0, 2*k = -o + 19. Calculate the highest common divisor of 153 and o.
17
Suppose 0 = -2*l + 127 - 61. Calculate the highest common factor of 99 and l.
33
Suppose -21*q + 20*q = -14. Calculate the greatest common factor of 14 and q.
14
Let r(k) = -k**3 + 4*k**2 + 2*k - 2. Let x be r(4). What is the highest common factor of x and 3?
3
Let b = 24 + 165. What is the greatest common divisor of b and 27?
27
Suppose -8 = -3*d + 7. Suppose 3*n = -4*y + 12, -d*y = -5*n - 6*y + 37. Calculate the greatest common factor of 1 and n.
1
Suppose b - 2*b = 0. Let p(m) = 9*m - 1. Let t be p(1). Let u = t - b. Calculate the greatest common divisor of 56 and u.
8
Let t = -65 + 71. Let u = -57 + 99. What is the greatest common factor of t and u?
6
Suppose -4*j + 819 = 5*r - 40, -339 = -2*r + 3*j. Calculate the greatest common factor of 19 and r.
19
Suppose 7*v - 2*v + 191 = 3*w, 3*v + 12 = 0. Let m be 38 - (2*-1 - -2). Calculate the highest common divisor of m and w.
19
Suppose -25 = n - 5*y + 2*y, 89 = -5*n - 3*y. Let l = n + 46. Calculate the highest common factor of l and 18.
9
Let i(p) = -p + 16. Let g(u) = -5*u + 80. Let l(f) = -2*g(f) + 11*i(f). Let k be l(10). What is the highest common factor of k and 42?
6
Let m = -718 - -504. Let t = -38 - m. Let q = 57 + -41. Calculate the highest common divisor of q and t.
16
Let a = -52 - -55. Calculate the highest common divisor of a and 6.
3
Suppose -4*s - 9 = u - 54, u + s = 45. Calculate the greatest common factor of 495 and u.
45
Suppose 2*c - t + 2 = 3, -c + 4 = 3*t. Let i be (c - -15 - 0) + 1. Calculate the highest common factor of 153 and i.
17
Suppose 2*j + p - 49 = 120, 3*p + 333 = 4*j. What is the highest common divisor of 21 and j?
21
Let h(l) = l**2 + 19*l - 22. Let m be h(-21). What is the highest common divisor of m and 15?
5
Suppose 23*z = 20*z + 45. What is the highest common factor of z and 75?
15
Suppose 5*g - 1 = f, -2*f + 8 = -7*g + 2*g. Let x(j) = j**3 + 10*j**2 + 3*j - 5. Let s be x(-8). What is the greatest common divisor of f and s?
9
Suppose -4*r + 5*m + 338 = -356, 0 = -2*r + 4*m + 350. Let g(x) = -x**3 - 5*x**2 - 4*x - 1. Let o be g(-5). What is the highest common divisor of r and o?
19
Suppose 0 = -a + 5 - 3. Suppose -q + 96 = a*k, -4*k - 80 = -6*k + 3*q. Suppose 4*v - k = 5*j, 4*v - 4*j + 15 = 63. What is the highest common factor of v and 7?
7
Suppose c + 4*r = -r + 45, r + 167 = 3*c. What is the greatest common divisor of c and 5?
5
Suppose -2*h + 80 = y + 3*h, 2*h - 227 = -3*y. Let v be (-4)/(-24) + (-149)/(-6). Calculate the greatest common factor of y and v.
25
Let q(u) = -148*u. Let i be q(-1). Suppose 0*d + 4*y = 2*d - i, -4*d = 4*y - 284. Calculate the greatest common divisor of d and 8.
8
Suppose 9*z = 10*z. Let d = z + 4. Calculate the greatest common factor of 8 and d.
4
Suppose 0 = g - 9 - 4. Let d(h) = 50*h + 2. Let l(q) = -249*q - 11. Let p(n) = 11*d(n) + 2*l(n). Let j be p(1). Calculate the highest common factor of j and g.
13
Let g = 61 + -33. Suppose 0 = -x + 5*x - 28. What is the greatest common divisor of g and x?
7
Suppose -a - 13 = 23. Let d be 1/((-39)/a - 1). What is the greatest common factor of d and 60?
12
Let l(u) = u - 1. Let o be l(4). What is the greatest common divisor of 15 and o?
3
Let o = 6 + -4. Let l be 2250/12 - (-1)/o. Suppose 4*x - 136 - l = 0. What is the highest common divisor of x and 9?
9
Let v be (-2)/9 + 456/108. Let b be 2/(-1*3/(-66)). Calculate the greatest common factor of v and b.
4
Suppose -6*y + y - 21 = 4*k, 5*k + 4*y = -15. Let h be k/(-1 - 28/(-26)). What is the highest common factor of 104 and h?
13
Let w = 20 + 10. Calculate the highest common factor of 12 and w.
6
Suppose 6 = -3*u, -4*k + 140 = -k - 4*u. Let o(a) = -3*a - 2. Let n be o(-2). Calculate the highest common factor of n and k.
4
Let z(q) = 49*q**2 + 5*q - 5. Let y be z(1). What is the highest common divisor of 14 and y?
7
Suppose 3*r - 5*q + 33 = 7*r, 0 = 2*q - 10. Suppose 2*c = -3*a, 2*c + 5*a + r = -c. Calculate the highest common divisor of c and 18.
6
Suppose d - g - 103 = 0, 3*d + 3*g = 2*g + 317. Let f(s) = 3*s**3 - 4*s**2 - 3. Let r be f(3). Calculate the greatest common divisor of d and r.
21
Suppose -3*r - 8 - 4 = 3*q, 2*r + 5 = -5*q. Let a be (-1)/(q/(-2)) + 1. What is the highest common factor of 2 and a?
1
Let l be -6*4/(-12)*(27 + 1). Let a be 58/8 + 3/(-12). What is the highest common factor of a and l?
7
Suppose 4*t + 12 = -4*l, 2*t + 8 = -3*l - l. Let s be (t/(-4))/((-2)/(-708)). Let d = 261 - s. Calculate the highest common divisor of 12 and d.
12
Let d = 75 + -45. What is the highest common divisor of 10 and d?
10
Let c(y) = 2*y - 4. Let a be c(5). Let m = a + -4. Calculate the highest common divisor of 18 and m.
2
Let h be 132/10 + 4/(-20). Let b = 6 + -7. Let n(l) = -14*l**3 - 2*l**2 - l. Let z be n(b). What is the greatest common divisor of h and z?
13
Let c be (60/(-21))/(8/(-28)). Suppose -i + c = 4*i. Calculate the greatest common factor of 16 and i.
2
Let c(w) = w**3 - 15*w**2 + 14*w + 16. Let m be c(14). What is the highest common factor of m and 56?
8
Let i = -159 - -280. Suppose -5*u = -3*v + 2*v + 16, 5*v + u - 54 = 0. Calculate the greatest common factor of v and i.
11
Let b be (2 - (1 - -1))/(-2). Suppose b*r - 90 = -r. Let s = 32 + -22. Calculate the greatest common factor of s and r.
10
Suppose 5*r - 118 = -4*k, 0 = -4*k + 2*k + 2*r + 50. What is the highest common divisor of k and 3?
3
Let w = -14 - -23. Let k be (-22)/(-18) + 6/(-27). Let z(r) = 10*r**2 - 2*r + 1. Let b be z(k). Calculate the highest common factor of w and b.
9
Let i = -549 + 789. What is the highest common factor of i and 30?
30
Let s be 2*1 - (-320)/8. Let a = s + 0. Calculate the greatest common factor of 105 and a.
21
Let q = -6 + 78. Suppose -5*b + 4*c + c = -70, 84 = 4*b + 3*c. Calculate the highest common factor of b and q.
18
Let b(j) = -j**2 - 12*j + 10. Let a be b(-12). Let y(p) = p - 3. Let g be y(a). Suppose -4*u = -3*u - g. What is the greatest common divisor of u and 7?
7
Let d = -37 + 55. What is the highest common factor of 9 and d?
9
Suppose 0 = -i - 0*i + z + 113, i - 118 = -4*z. Calculate the greatest common factor of 76 and i.
38
Let u = -47 + 33. Let a = u - -21. Calculate the greatest common divisor 